{"id":3814,"date":"2025-11-20T05:14:06","date_gmt":"2025-11-20T08:14:06","guid":{"rendered":"https:\/\/luxleder.com\/?post_type=product&#038;p=3814"},"modified":"2025-11-20T05:25:20","modified_gmt":"2025-11-20T08:25:20","slug":"0-hakiki-deri-askili-gozluk-kilifi-canta-charmi","status":"publish","type":"product","link":"https:\/\/luxleder.com\/?product=0-hakiki-deri-askili-gozluk-kilifi-canta-charmi","title":{"rendered":"%100 Hakiki Deri Ask\u0131l\u0131 G\u00f6zl\u00fck K\u0131l\u0131f\u0131 \u00c7anta Charm\u0131"},"content":{"rendered":"<p class=\"product-description-content\">%100 Hakiki deriden \u00fcretilmi\u015f olup , uzun \u00f6m\u00fcrl\u00fc kullan\u0131m sunar.<\/p>\n<p class=\"product-description-content\">TSE standartlar\u0131nda T\u00fcrkiye\u2019de el i\u015f\u00e7ili\u011fiyle titizlikle \u00fcretilmi\u015ftir.<\/p>\n<p class=\"product-description-content\">Birinci s\u0131n\u0131f hakiki deriden \u00fcretildi\u011finden y\u0131rt\u0131lma ve kopmalara kar\u015f\u0131 son derece dayan\u0131kl\u0131d\u0131r.<\/p>\n<p class=\"product-description-content\">G\u00fcnl\u00fck kullan\u0131ma uygun tasar\u0131m\u0131yla her an yan\u0131n\u0131zda ta\u015f\u0131yabilece\u011finiz pratik bir aksesuard\u0131r.<\/p>\n<p class=\"product-description-content\">Basic koleksiyonun sadeli\u011fiyle, her t\u00fcrl\u00fc g\u00f6zl\u00fck modeline kolayca uyum sa\u011flar.<\/p>\n<p class=\"product-description-content\">Kolay temizlenebilir yap\u0131s\u0131 sayesinde nemli bir bezle silerek temiz tutabilirsiniz.<\/p>\n<p class=\"product-description-content\">S\u00fcrd\u00fcr\u00fclebilirli\u011fi \u00f6n planda tutan bu \u00fcr\u00fcn, \u00e7evre dostu bir se\u00e7imdir.<\/p>\n","protected":false},"excerpt":{"rendered":"<p>%100 Hakiki deriden \u00fcretilmi\u015f olup , uzun \u00f6m\u00fcrl\u00fc kullan\u0131m sunar. TSE standartlar\u0131nda T\u00fcrkiye\u2019de el i\u015f\u00e7ili\u011fiyle&hellip;<\/p>\n","protected":false},"featured_media":3820,"template":"","meta":{"om_disable_all_campaigns":false},"product_brand":[],"product_cat":[72],"product_tag":[],"class_list":{"0":"post-3814","1":"product","2":"type-product","3":"status-publish","4":"has-post-thumbnail","6":"product_cat-accesories","7":"pa_renk-bakir","8":"pa_renk-bordo","9":"pa_renk-kahve","11":"first","12":"instock","13":"sale","14":"taxable","15":"shipping-taxable","16":"purchasable","17":"product-type-variable","18":"new","19":"layout-style-6","20":"col-md-4 col-sm-4 col-xs-6","21":"col-lg-4","22":"product-has-gallery","23":"product-style-default"},"aioseo_notices":[],"_links":{"self":[{"href":"https:\/\/luxleder.com\/index.php?rest_route=\/wp\/v2\/product\/3814","targetHints":{"allow":["GET"]}}],"collection":[{"href":"https:\/\/luxleder.com\/index.php?rest_route=\/wp\/v2\/product"}],"about":[{"href":"https:\/\/luxleder.com\/index.php?rest_route=\/wp\/v2\/types\/product"}],"wp:featuredmedia":[{"embeddable":true,"href":"https:\/\/luxleder.com\/index.php?rest_route=\/wp\/v2\/media\/3820"}],"wp:attachment":[{"href":"https:\/\/luxleder.com\/index.php?rest_route=%2Fwp%2Fv2%2Fmedia&parent=3814"}],"wp:term":[{"taxonomy":"product_brand","embeddable":true,"href":"https:\/\/luxleder.com\/index.php?rest_route=%2Fwp%2Fv2%2Fproduct_brand&post=3814"},{"taxonomy":"product_cat","embeddable":true,"href":"https:\/\/luxleder.com\/index.php?rest_route=%2Fwp%2Fv2%2Fproduct_cat&post=3814"},{"taxonomy":"product_tag","embeddable":true,"href":"https:\/\/luxleder.com\/index.php?rest_route=%2Fwp%2Fv2%2Fproduct_tag&post=3814"}],"curies":[{"name":"wp","href":"https:\/\/api.w.org\/{rel}","templated":true}]}}